{"id":12,"date":"2023-04-14T13:33:45","date_gmt":"2023-04-14T11:33:45","guid":{"rendered":"http:\/\/artedu-czarnota.com\/?page_id=12"},"modified":"2026-02-20T07:35:06","modified_gmt":"2026-02-20T06:35:06","slug":"kontakt","status":"publish","type":"page","link":"https:\/\/artedu-czarnota.com\/?page_id=12","title":{"rendered":"Kontakt"},"content":{"rendered":"\t\t<div data-elementor-type=\"wp-page\" data-elementor-id=\"12\" class=\"elementor elementor-12\">\n\t\t\t\t\t\t\t\t\t<section class=\"elementor-section elementor-top-section elementor-element elementor-element-79cf0499 elementor-section-boxed elementor-section-height-default elementor-section-height-default\" data-id=\"79cf0499\" data-element_type=\"section\">\n\t\t\t\t\t\t<div class=\"elementor-container elementor-column-gap-default\">\n\t\t\t\t\t<div class=\"elementor-column elementor-col-100 elementor-top-column elementor-element elementor-element-1e6e583e\" data-id=\"1e6e583e\" data-element_type=\"column\">\n\t\t\t<div class=\"elementor-widget-wrap elementor-element-populated\">\n\t\t\t\t\t\t\t\t<div class=\"elementor-element elementor-element-1fb6fe3d elementor-widget elementor-widget-text-editor\" data-id=\"1fb6fe3d\" data-element_type=\"widget\" data-widget_type=\"text-editor.default\">\n\t\t\t\t<div class=\"elementor-widget-container\">\n\t\t\t<style>\/*! elementor - v3.13.3 - 28-05-2023 *\/\n.elementor-widget-text-editor.elementor-drop-cap-view-stacked .elementor-drop-cap{background-color:#69727d;color:#fff}.elementor-widget-text-editor.elementor-drop-cap-view-framed .elementor-drop-cap{color:#69727d;border:3px solid;background-color:transparent}.elementor-widget-text-editor:not(.elementor-drop-cap-view-default) .elementor-drop-cap{margin-top:8px}.elementor-widget-text-editor:not(.elementor-drop-cap-view-default) .elementor-drop-cap-letter{width:1em;height:1em}.elementor-widget-text-editor .elementor-drop-cap{float:left;text-align:center;line-height:1;font-size:50px}.elementor-widget-text-editor .elementor-drop-cap-letter{display:inline-block}<\/style>\t\t\t\t<!-- wp:paragraph -->\n<div class=\"col-4\">\n<div class=\"info\">\n<p><strong>Fundacja Sztuki i Edukacji im. Leszka Czarnoty<\/strong><\/p>\n<p><strong>KRS<\/strong>\u00a00001027301 \u00a0\u00a0<span style=\"font-size: 1rem;\"><strong>NIP<\/strong>\u00a0<\/span><span style=\"font-size: 1rem;\">5214012262 \u00a0\u00a0<\/span><span style=\"font-size: 1rem;\"><strong>REGON<\/strong>\u00a0<\/span><span style=\"font-size: 1rem;\">524852878<\/span><\/p>\n<\/div>\n<\/div>\n<p>Rachunek fundacji do wp\u0142at darowizn w Nest Bank:<\/p>\n<p>62 1870 1045 2078 1088 1566 0001<\/p>\n<p>Na co dzie\u0144 jeste\u015bmy w Warszawie. Pisz do nas na adres mailowy:<\/p>\n<p><strong>fundacja@artedu-czarnota.com<\/strong><\/p>\n<!-- \/wp:paragraph -->\t\t\t\t\t\t<\/div>\n\t\t\t\t<\/div>\n\t\t\t\t\t<\/div>\n\t\t<\/div>\n\t\t\t\t\t\t\t<\/div>\n\t\t<\/section>\n\t\t\t\t\t\t\t<\/div>\n\t\t","protected":false},"excerpt":{"rendered":"<p>Fundacja Sztuki i Edukacji im. Leszka Czarnoty KRS\u00a00001027301 \u00a0\u00a0NIP\u00a05214012262 \u00a0\u00a0REGON\u00a0524852878 Rachunek fundacji do wp\u0142at darowizn w Nest Bank: 62 1870 1045 2078 1088 1566 0001 Na co dzie\u0144 jeste\u015bmy w Warszawie. Pisz do nas na adres mailowy: fundacja@artedu-czarnota.com<\/p>\n","protected":false},"author":1,"featured_media":7,"parent":0,"menu_order":0,"comment_status":"closed","ping_status":"closed","template":"","meta":{"footnotes":""},"class_list":["post-12","page","type-page","status-publish","has-post-thumbnail","hentry"],"yoast_head":"<!-- This site is optimized with the Yoast SEO plugin v20.8 - https:\/\/yoast.com\/wordpress\/plugins\/seo\/ -->\n<title>Kontakt -<\/title>\n<meta name=\"robots\" content=\"index, follow, max-snippet:-1, max-image-preview:large, max-video-preview:-1\" \/>\n<link rel=\"canonical\" href=\"https:\/\/artedu-czarnota.com\/?page_id=12\" \/>\n<meta property=\"og:locale\" content=\"pl_PL\" \/>\n<meta property=\"og:type\" content=\"article\" \/>\n<meta property=\"og:title\" content=\"Kontakt -\" \/>\n<meta property=\"og:description\" content=\"Fundacja Sztuki i Edukacji im. Leszka Czarnoty KRS\u00a00001027301 \u00a0\u00a0NIP\u00a05214012262 \u00a0\u00a0REGON\u00a0524852878 Rachunek fundacji do wp\u0142at darowizn w Nest Bank: 62 1870 1045 2078 1088 1566 0001 Na co dzie\u0144 jeste\u015bmy w Warszawie. Pisz do nas na adres mailowy: fundacja@artedu-czarnota.com\" \/>\n<meta property=\"og:url\" content=\"https:\/\/artedu-czarnota.com\/?page_id=12\" \/>\n<meta property=\"article:modified_time\" content=\"2026-02-20T06:35:06+00:00\" \/>\n<meta property=\"og:image\" content=\"https:\/\/artedu-czarnota.com\/wp-content\/uploads\/2023\/04\/espresso.jpg\" \/>\n\t<meta property=\"og:image:width\" content=\"2000\" \/>\n\t<meta property=\"og:image:height\" content=\"1200\" \/>\n\t<meta property=\"og:image:type\" content=\"image\/jpeg\" \/>\n<meta name=\"twitter:card\" content=\"summary_large_image\" \/>\n<meta name=\"twitter:label1\" content=\"Szacowany czas czytania\" \/>\n\t<meta name=\"twitter:data1\" content=\"1 minuta\" \/>\n<script type=\"application\/ld+json\" class=\"yoast-schema-graph\">{\"@context\":\"https:\/\/schema.org\",\"@graph\":[{\"@type\":\"WebPage\",\"@id\":\"https:\/\/artedu-czarnota.com\/?page_id=12\",\"url\":\"https:\/\/artedu-czarnota.com\/?page_id=12\",\"name\":\"Kontakt -\",\"isPartOf\":{\"@id\":\"https:\/\/artedu-czarnota.com\/#website\"},\"datePublished\":\"2023-04-14T11:33:45+00:00\",\"dateModified\":\"2026-02-20T06:35:06+00:00\",\"breadcrumb\":{\"@id\":\"https:\/\/artedu-czarnota.com\/?page_id=12#breadcrumb\"},\"inLanguage\":\"pl-PL\",\"potentialAction\":[{\"@type\":\"ReadAction\",\"target\":[\"https:\/\/artedu-czarnota.com\/?page_id=12\"]}]},{\"@type\":\"BreadcrumbList\",\"@id\":\"https:\/\/artedu-czarnota.com\/?page_id=12#breadcrumb\",\"itemListElement\":[{\"@type\":\"ListItem\",\"position\":1,\"name\":\"Home\",\"item\":\"https:\/\/artedu-czarnota.com\/\"},{\"@type\":\"ListItem\",\"position\":2,\"name\":\"Kontakt\"}]},{\"@type\":\"WebSite\",\"@id\":\"https:\/\/artedu-czarnota.com\/#website\",\"url\":\"https:\/\/artedu-czarnota.com\/\",\"name\":\"\",\"description\":\"\",\"potentialAction\":[{\"@type\":\"SearchAction\",\"target\":{\"@type\":\"EntryPoint\",\"urlTemplate\":\"https:\/\/artedu-czarnota.com\/?s={search_term_string}\"},\"query-input\":\"required name=search_term_string\"}],\"inLanguage\":\"pl-PL\"}]}<\/script>\n<!-- \/ Yoast SEO plugin. -->","yoast_head_json":{"title":"Kontakt -","robots":{"index":"index","follow":"follow","max-snippet":"max-snippet:-1","max-image-preview":"max-image-preview:large","max-video-preview":"max-video-preview:-1"},"canonical":"https:\/\/artedu-czarnota.com\/?page_id=12","og_locale":"pl_PL","og_type":"article","og_title":"Kontakt -","og_description":"Fundacja Sztuki i Edukacji im. Leszka Czarnoty KRS\u00a00001027301 \u00a0\u00a0NIP\u00a05214012262 \u00a0\u00a0REGON\u00a0524852878 Rachunek fundacji do wp\u0142at darowizn w Nest Bank: 62 1870 1045 2078 1088 1566 0001 Na co dzie\u0144 jeste\u015bmy w Warszawie. Pisz do nas na adres mailowy: fundacja@artedu-czarnota.com","og_url":"https:\/\/artedu-czarnota.com\/?page_id=12","article_modified_time":"2026-02-20T06:35:06+00:00","og_image":[{"width":2000,"height":1200,"url":"https:\/\/artedu-czarnota.com\/wp-content\/uploads\/2023\/04\/espresso.jpg","type":"image\/jpeg"}],"twitter_card":"summary_large_image","twitter_misc":{"Szacowany czas czytania":"1 minuta"},"schema":{"@context":"https:\/\/schema.org","@graph":[{"@type":"WebPage","@id":"https:\/\/artedu-czarnota.com\/?page_id=12","url":"https:\/\/artedu-czarnota.com\/?page_id=12","name":"Kontakt -","isPartOf":{"@id":"https:\/\/artedu-czarnota.com\/#website"},"datePublished":"2023-04-14T11:33:45+00:00","dateModified":"2026-02-20T06:35:06+00:00","breadcrumb":{"@id":"https:\/\/artedu-czarnota.com\/?page_id=12#breadcrumb"},"inLanguage":"pl-PL","potentialAction":[{"@type":"ReadAction","target":["https:\/\/artedu-czarnota.com\/?page_id=12"]}]},{"@type":"BreadcrumbList","@id":"https:\/\/artedu-czarnota.com\/?page_id=12#breadcrumb","itemListElement":[{"@type":"ListItem","position":1,"name":"Home","item":"https:\/\/artedu-czarnota.com\/"},{"@type":"ListItem","position":2,"name":"Kontakt"}]},{"@type":"WebSite","@id":"https:\/\/artedu-czarnota.com\/#website","url":"https:\/\/artedu-czarnota.com\/","name":"","description":"","potentialAction":[{"@type":"SearchAction","target":{"@type":"EntryPoint","urlTemplate":"https:\/\/artedu-czarnota.com\/?s={search_term_string}"},"query-input":"required name=search_term_string"}],"inLanguage":"pl-PL"}]}},"_links":{"self":[{"href":"https:\/\/artedu-czarnota.com\/index.php?rest_route=\/wp\/v2\/pages\/12","targetHints":{"allow":["GET"]}}],"collection":[{"href":"https:\/\/artedu-czarnota.com\/index.php?rest_route=\/wp\/v2\/pages"}],"about":[{"href":"https:\/\/artedu-czarnota.com\/index.php?rest_route=\/wp\/v2\/types\/page"}],"author":[{"embeddable":true,"href":"https:\/\/artedu-czarnota.com\/index.php?rest_route=\/wp\/v2\/users\/1"}],"replies":[{"embeddable":true,"href":"https:\/\/artedu-czarnota.com\/index.php?rest_route=%2Fwp%2Fv2%2Fcomments&post=12"}],"version-history":[{"count":16,"href":"https:\/\/artedu-czarnota.com\/index.php?rest_route=\/wp\/v2\/pages\/12\/revisions"}],"predecessor-version":[{"id":155,"href":"https:\/\/artedu-czarnota.com\/index.php?rest_route=\/wp\/v2\/pages\/12\/revisions\/155"}],"wp:featuredmedia":[{"embeddable":true,"href":"https:\/\/artedu-czarnota.com\/index.php?rest_route=\/wp\/v2\/media\/7"}],"wp:attachment":[{"href":"https:\/\/artedu-czarnota.com\/index.php?rest_route=%2Fwp%2Fv2%2Fmedia&parent=12"}],"curies":[{"name":"wp","href":"https:\/\/api.w.org\/{rel}","templated":true}]}}